{"id":82839,"date":"2020-01-08T12:35:14","date_gmt":"2020-01-08T11:35:14","guid":{"rendered":"https:\/\/general-dufour.ch\/?page_id=82839"},"modified":"2024-08-16T18:34:44","modified_gmt":"2024-08-16T17:34:44","slug":"anlaesse-lager","status":"publish","type":"page","link":"https:\/\/general-dufour.ch\/?page_id=82839","title":{"rendered":"Anl\u00e4sse &#038; Lager"},"content":{"rendered":"<div class=\"wpb-content-wrapper\"><p>[vc_row unlock_row_content=&#8220;yes&#8220; row_height_percent=&#8220;0&#8243; override_padding=&#8220;yes&#8220; h_padding=&#8220;3&#8243; top_padding=&#8220;3&#8243; bottom_padding=&#8220;3&#8243; back_color=&#8220;color-143410&#8243; overlay_alpha=&#8220;100&#8243; gutter_size=&#8220;100&#8243; column_width_percent=&#8220;100&#8243; shift_y=&#8220;0&#8243; z_index=&#8220;0&#8243; style=&#8220;inherited&#8220;][vc_column column_width_percent=&#8220;100&#8243; align_horizontal=&#8220;align_center&#8220; gutter_size=&#8220;4&#8243; overlay_alpha=&#8220;100&#8243; shift_x=&#8220;0&#8243; shift_y=&#8220;0&#8243; shift_y_down=&#8220;0&#8243; z_index=&#8220;0&#8243; medium_width=&#8220;0&#8243; mobile_width=&#8220;0&#8243; zoom_width=&#8220;0&#8243; zoom_height=&#8220;0&#8243; width=&#8220;1\/1&#8243;][vc_column_text]<\/p>\n<h2 style=\"text-align: center;\">Lager<\/h2>\n<p>Das Highlight des Jahres sind die Pfadi Lager.\u00a0 Jedes Jahr gibt es ein Pfingstlager und entweder ein Sommer- oder Herbstlager. Je nach Alterstufe ist es im Zelt oder im Haus.[\/vc_column_text][uncode_index el_id=&#8220;index-17465098822&#8243; isotope_mode=&#8220;cellsByRow&#8220; loop=&#8220;size:10|order_by:date|order:ASC|post_type:page|by_id:83404|taxonomy_count:10&#8243; style_preset=&#8220;metro&#8220; screen_lg=&#8220;1480&#8243; screen_md=&#8220;1000&#8243; screen_sm=&#8220;480&#8243; gutter_size=&#8220;3&#8243; post_items=&#8220;media|media|onpost|original,title,text|excerpt|140,sep-one|extra,icon|sm,author|md_size|display_qualification&#8220; page_items=&#8220;title,media|featured|onpost|original,text|excerpt,link|default|default_size|Mehr erfahren&#8220; product_items=&#8220;title,media,text,category,price&#8220; portfolio_items=&#8220;title,media,text,category&#8220; single_width=&#8220;2&#8243; single_back_color=&#8220;color-xsdn&#8220; single_overlay_opacity=&#8220;50&#8243; single_padding=&#8220;2&#8243; single_title_semantic=&#8220;h4&#8243; single_title_family=&#8220;font-762333&#8243; single_title_dimension=&#8220;h4&#8243; single_title_space=&#8220;fontspace-111509&#8243; single_shadow=&#8220;yes&#8220; shadow_weight=&#8220;std&#8220; single_css_animation=&#8220;bottom-t-top&#8220; single_animation_delay=&#8220;400&#8243; custom_order=&#8220;yes&#8220; single_half_padding=&#8220;&#8220; single_title_uppercase=&#8220;&#8220; single_title_bold=&#8220;yes&#8220; single_title_serif=&#8220;&#8220; single_title_divider=&#8220;&#8220; single_no_background=&#8220;&#8220; footer_position=&#8220;left&#8220; carousel_rtl=&#8220;&#8220; single_icon=&#8220;fa fa-plus2&#8243; items=&#8220;eyIyNDg5X2kiOnsic2luZ2xlX3dpZHRoIjoiNiJ9LCI0MjMxX2kiOnsiaW1hZ2VzX3NpemUiOiJvbmUtb25lIn19&#8243; filtering_transform=&#8220;uppercase&#8220; uncode_shortcode_id=&#8220;910403&#8243;][\/vc_column][\/vc_row][vc_row unlock_row=&#8220;&#8220; row_height_percent=&#8220;50&#8243; override_padding=&#8220;yes&#8220; h_padding=&#8220;0&#8243; top_padding=&#8220;0&#8243; bottom_padding=&#8220;0&#8243; back_color=&#8220;color-143410&#8243; overlay_alpha=&#8220;50&#8243; equal_height=&#8220;yes&#8220; gutter_size=&#8220;0&#8243; column_width_percent=&#8220;100&#8243; shift_y=&#8220;0&#8243; z_index=&#8220;0&#8243; inverted_device_order=&#8220;yes&#8220;][vc_column column_width_percent=&#8220;100&#8243; align_horizontal=&#8220;align_center&#8220; gutter_size=&#8220;2&#8243; override_padding=&#8220;yes&#8220; column_padding=&#8220;5&#8243; overlay_alpha=&#8220;50&#8243; shift_x=&#8220;0&#8243; shift_y=&#8220;0&#8243; shift_y_down=&#8220;0&#8243; z_index=&#8220;0&#8243; medium_width=&#8220;0&#8243; mobile_width=&#8220;0&#8243; width=&#8220;1\/1&#8243;][vc_column_text]<\/p>\n<h2 style=\"text-align: center;\">Anl\u00e4sse<\/h2>\n<p style=\"text-align: center;\"><span data-contrast=\"auto\">Das <\/span><span data-contrast=\"auto\">Pfadijahr<\/span><span data-contrast=\"auto\"> bringt neben den regelm\u00e4ssigen Aktivit\u00e4ten am Samstagnachmittag auch viele andere Anl\u00e4sse mit sich. Im Fr\u00fchling findet der nationale Schnuppertag statt, im Herbst sind alle Eltern und Teilnehmenden zum grossen <\/span><span data-contrast=\"auto\">Pfadiabend<\/span><span data-contrast=\"auto\">\u00a0eingeladen und im Winter feiern wir alle zusammen die\u00a0<\/span><span data-contrast=\"auto\">Waldweihnachten.<\/span><span data-contrast=\"auto\">\u00a0Doch auch dazwischen finden unterschiedliche gr\u00f6ssere und kleinere Anl\u00e4sse statt.<\/span><span data-ccp-props=\"{&quot;201341983&quot;:0,&quot;335559740&quot;:360}\">\u00a0<\/span><\/p>\n<p style=\"text-align: center;\"><span data-contrast=\"auto\">Einen \u00dcberblick gibt der\u00a0<\/span><span data-contrast=\"auto\">Jahre<\/span><span data-contrast=\"auto\">s<\/span><span data-contrast=\"auto\">kalender<\/span><span data-contrast=\"auto\">.<\/span><span data-ccp-props=\"{&quot;201341983&quot;:0,&quot;335559740&quot;:360}\">\u00a0<\/span><\/p>\n<p>&nbsp;<\/p>\n<p>[\/vc_column_text][vc_button button_color=&#8220;accent&#8220; size=&#8220;btn-lg&#8220; border_width=&#8220;0&#8243; display=&#8220;inline&#8220; link=&#8220;url:https%3A%2F%2Fgeneral-dufour.ch%2Fwp-content%2Fuploads%2Fjahresplan_gd.pdf||target:%20_blank|&#8220;]Jahresplan herunterladen[\/vc_button][\/vc_column][\/vc_row][vc_row unlock_row_content=&#8220;yes&#8220; row_height_percent=&#8220;0&#8243; override_padding=&#8220;yes&#8220; h_padding=&#8220;0&#8243; top_padding=&#8220;0&#8243; bottom_padding=&#8220;0&#8243; overlay_alpha=&#8220;50&#8243; gutter_size=&#8220;3&#8243; column_width_percent=&#8220;100&#8243; shift_y=&#8220;0&#8243; z_index=&#8220;0&#8243; mobile_visibility=&#8220;yes&#8220;][vc_column column_width_percent=&#8220;100&#8243; align_horizontal=&#8220;align_center&#8220; gutter_size=&#8220;3&#8243; overlay_alpha=&#8220;50&#8243; shift_x=&#8220;0&#8243; shift_y=&#8220;0&#8243; shift_y_down=&#8220;0&#8243; z_index=&#8220;0&#8243; medium_width=&#8220;0&#8243; mobile_width=&#8220;0&#8243; width=&#8220;1\/1&#8243;][vc_custom_heading]<\/p>\n<h3 style=\"text-align: center;\">Impressionen von unseren Anl\u00e4ssen<\/h3>\n<p>[\/vc_custom_heading][vc_gallery el_id=&#8220;gallery-891645&#8243; type=&#8220;carousel&#8220; medias=&#8220;83218,83216,83214,83215&#8243; carousel_lg=&#8220;1&#8243; carousel_md=&#8220;1&#8243; carousel_sm=&#8220;1&#8243; thumb_size=&#8220;twentyone-nine&#8220; gutter_size=&#8220;3&#8243; carousel_height=&#8220;equal&#8220; carousel_interval=&#8220;3000&#8243; carousel_navspeed=&#8220;400&#8243; carousel_nav=&#8220;yes&#8220; carousel_nav_mobile=&#8220;yes&#8220; carousel_dots_inside=&#8220;yes&#8220; carousel_dot_padding=&#8220;2&#8243; stage_padding=&#8220;0&#8243; single_overlay_opacity=&#8220;1&#8243; single_overlay_anim=&#8220;no&#8220; single_text_anim=&#8220;no&#8220; single_image_anim=&#8220;no&#8220; single_padding=&#8220;2&#8243; single_border=&#8220;yes&#8220; no_double_tap=&#8220;yes&#8220;][\/vc_column][\/vc_row][vc_row unlock_row_content=&#8220;yes&#8220; row_height_percent=&#8220;0&#8243; override_padding=&#8220;yes&#8220; h_padding=&#8220;0&#8243; top_padding=&#8220;0&#8243; bottom_padding=&#8220;0&#8243; overlay_alpha=&#8220;50&#8243; gutter_size=&#8220;3&#8243; column_width_percent=&#8220;100&#8243; shift_y=&#8220;0&#8243; z_index=&#8220;0&#8243; desktop_visibility=&#8220;yes&#8220; medium_visibility=&#8220;yes&#8220;][vc_column column_width_percent=&#8220;100&#8243; align_horizontal=&#8220;align_center&#8220; gutter_size=&#8220;2&#8243; overlay_alpha=&#8220;50&#8243; shift_x=&#8220;0&#8243; shift_y=&#8220;0&#8243; shift_y_down=&#8220;0&#8243; z_index=&#8220;0&#8243; medium_width=&#8220;0&#8243; mobile_width=&#8220;0&#8243; width=&#8220;1\/1&#8243;][vc_custom_heading]<\/p>\n<h3 style=\"text-align: center;\">Impressionen von unseren Anl\u00e4ssen<\/h3>\n<p>[\/vc_custom_heading][vc_gallery el_id=&#8220;gallery-891645&#8243; medias=&#8220;83218,83216,83214,83215&#8243; style_preset=&#8220;metro&#8220; gutter_size=&#8220;0&#8243; screen_lg=&#8220;1000&#8243; screen_md=&#8220;600&#8243; screen_sm=&#8220;480&#8243; single_width=&#8220;12&#8243; single_height=&#8220;4&#8243; single_overlay_opacity=&#8220;1&#8243; single_overlay_anim=&#8220;no&#8220; single_text_anim=&#8220;no&#8220; single_image_anim=&#8220;no&#8220; single_padding=&#8220;2&#8243; single_border=&#8220;yes&#8220; no_double_tap=&#8220;yes&#8220;][\/vc_column][\/vc_row]<\/p>\n<\/div>","protected":false},"excerpt":{"rendered":"<p>[vc_row unlock_row_content=&#8220;yes&#8220; row_height_percent=&#8220;0&#8243; override_padding=&#8220;yes&#8220; h_padding=&#8220;3&#8243; top_padding=&#8220;3&#8243; bottom_padding=&#8220;3&#8243; back_color=&#8220;color-143410&#8243; overlay_alpha=&#8220;100&#8243; gutter_size=&#8220;100&#8243; column_width_percent=&#8220;100&#8243; shift_y=&#8220;0&#8243; z_index=&#8220;0&#8243; style=&#8220;inherited&#8220;][vc_column column_width_percent=&#8220;100&#8243; align_horizontal=&#8220;align_center&#8220; gutter_size=&#8220;4&#8243; overlay_alpha=&#8220;100&#8243; shift_x=&#8220;0&#8243; shift_y=&#8220;0&#8243; [&hellip;]<\/p>\n","protected":false},"author":6,"featured_media":82974,"parent":43938,"menu_order":0,"comment_status":"closed","ping_status":"closed","template":"","meta":{"footnotes":""},"class_list":["post-82839","page","type-page","status-publish","has-post-thumbnail","hentry","page_category-classic"],"yoast_head":"<!-- This site is optimized with the Yoast SEO plugin v26.3 - https:\/\/yoast.com\/wordpress\/plugins\/seo\/ -->\n<title>Pfadi Lager f\u00fcr Kinder und Jugendliche<\/title>\n<meta name=\"description\" content=\"Das Highlight der Pfadfinder, Pfingstlager, Sommerlager, Herbstlager. F\u00fcr Kinder und Jugendliche von Rapperswil Jona. Komm mit ins Lager.\" \/>\n<meta name=\"robots\" content=\"index, follow, max-snippet:-1, max-image-preview:large, max-video-preview:-1\" \/>\n<link rel=\"canonical\" href=\"https:\/\/general-dufour.ch\/?page_id=82839\" \/>\n<meta property=\"og:locale\" content=\"de_DE\" \/>\n<meta property=\"og:type\" content=\"article\" \/>\n<meta property=\"og:title\" content=\"Pfadi Lager f\u00fcr Kinder und Jugendliche\" \/>\n<meta property=\"og:description\" content=\"Das Highlight der Pfadfinder, Pfingstlager, Sommerlager, Herbstlager. F\u00fcr Kinder und Jugendliche von Rapperswil Jona. Komm mit ins Lager.\" \/>\n<meta property=\"og:url\" content=\"https:\/\/general-dufour.ch\/?page_id=82839\" \/>\n<meta property=\"og:site_name\" content=\"http Pfadi General Dufour RJ\" \/>\n<meta property=\"article:publisher\" content=\"https:\/\/www.facebook.com\/general.dufour\/?ref=aymt_homepage_panel&amp;amp%3bamp%3bamp%3bamp%3bamp%3bamp%3bamp%3bamp%3bamp%3bamp%3bamp%3bamp%3beid=ARB-WwqDYthM8sAmsyTX3BEy0ozF-k7wZt4qTAvz7la_joMe0lJIdsAjV9kmQ_YP6f4LEb4u6qEp4RX5\" \/>\n<meta property=\"article:modified_time\" content=\"2024-08-16T17:34:44+00:00\" \/>\n<meta property=\"og:image\" content=\"https:\/\/general-dufour.ch\/wp-content\/uploads\/2020\/01\/DSCF4278-scaled.jpg\" \/>\n\t<meta property=\"og:image:width\" content=\"2560\" \/>\n\t<meta property=\"og:image:height\" content=\"1707\" \/>\n\t<meta property=\"og:image:type\" content=\"image\/jpeg\" \/>\n<meta name=\"twitter:card\" content=\"summary_large_image\" \/>\n<meta name=\"twitter:label1\" content=\"Gesch\u00e4tzte Lesezeit\" \/>\n\t<meta name=\"twitter:data1\" content=\"2\u00a0Minuten\" \/>\n<script type=\"application\/ld+json\" class=\"yoast-schema-graph\">{\"@context\":\"https:\/\/schema.org\",\"@graph\":[{\"@type\":\"WebPage\",\"@id\":\"https:\/\/general-dufour.ch\/?page_id=82839\",\"url\":\"https:\/\/general-dufour.ch\/?page_id=82839\",\"name\":\"Pfadi Lager f\u00fcr Kinder und Jugendliche\",\"isPartOf\":{\"@id\":\"https:\/\/general-dufour.ch\/#website\"},\"primaryImageOfPage\":{\"@id\":\"https:\/\/general-dufour.ch\/?page_id=82839#primaryimage\"},\"image\":{\"@id\":\"https:\/\/general-dufour.ch\/?page_id=82839#primaryimage\"},\"thumbnailUrl\":\"https:\/\/general-dufour.ch\/wp-content\/uploads\/2020\/01\/DSCF4278-scaled.jpg\",\"datePublished\":\"2020-01-08T11:35:14+00:00\",\"dateModified\":\"2024-08-16T17:34:44+00:00\",\"description\":\"Das Highlight der Pfadfinder, Pfingstlager, Sommerlager, Herbstlager. F\u00fcr Kinder und Jugendliche von Rapperswil Jona. Komm mit ins Lager.\",\"breadcrumb\":{\"@id\":\"https:\/\/general-dufour.ch\/?page_id=82839#breadcrumb\"},\"inLanguage\":\"de\",\"potentialAction\":[{\"@type\":\"ReadAction\",\"target\":[\"https:\/\/general-dufour.ch\/?page_id=82839\"]}]},{\"@type\":\"ImageObject\",\"inLanguage\":\"de\",\"@id\":\"https:\/\/general-dufour.ch\/?page_id=82839#primaryimage\",\"url\":\"https:\/\/general-dufour.ch\/wp-content\/uploads\/2020\/01\/DSCF4278-scaled.jpg\",\"contentUrl\":\"https:\/\/general-dufour.ch\/wp-content\/uploads\/2020\/01\/DSCF4278-scaled.jpg\",\"width\":2560,\"height\":1707},{\"@type\":\"BreadcrumbList\",\"@id\":\"https:\/\/general-dufour.ch\/?page_id=82839#breadcrumb\",\"itemListElement\":[{\"@type\":\"ListItem\",\"position\":1,\"name\":\"Startseite\",\"item\":\"https:\/\/general-dufour.ch\/\"},{\"@type\":\"ListItem\",\"position\":2,\"name\":\"Homepages\",\"item\":\"https:\/\/general-dufour.ch\/?page_id=43938\"},{\"@type\":\"ListItem\",\"position\":3,\"name\":\"Anl\u00e4sse &#038; Lager\"}]},{\"@type\":\"WebSite\",\"@id\":\"https:\/\/general-dufour.ch\/#website\",\"url\":\"https:\/\/general-dufour.ch\/\",\"name\":\"Pfadi General Dufour RJ\",\"description\":\"Pfadi Rapperswil Jona\",\"publisher\":{\"@id\":\"https:\/\/general-dufour.ch\/#organization\"},\"potentialAction\":[{\"@type\":\"SearchAction\",\"target\":{\"@type\":\"EntryPoint\",\"urlTemplate\":\"https:\/\/general-dufour.ch\/?s={search_term_string}\"},\"query-input\":{\"@type\":\"PropertyValueSpecification\",\"valueRequired\":true,\"valueName\":\"search_term_string\"}}],\"inLanguage\":\"de\"},{\"@type\":\"Organization\",\"@id\":\"https:\/\/general-dufour.ch\/#organization\",\"name\":\"Pfadi General Dufour\",\"url\":\"https:\/\/general-dufour.ch\/\",\"logo\":{\"@type\":\"ImageObject\",\"inLanguage\":\"de\",\"@id\":\"https:\/\/general-dufour.ch\/#\/schema\/logo\/image\/\",\"url\":\"https:\/\/general-dufour.ch\/wp-content\/uploads\/2020\/02\/logo_black.png\",\"contentUrl\":\"https:\/\/general-dufour.ch\/wp-content\/uploads\/2020\/02\/logo_black.png\",\"width\":500,\"height\":502,\"caption\":\"Pfadi General Dufour\"},\"image\":{\"@id\":\"https:\/\/general-dufour.ch\/#\/schema\/logo\/image\/\"},\"sameAs\":[\"https:\/\/www.facebook.com\/general.dufour\/?ref=aymt_homepage_panel&amp;amp;amp;amp;amp;amp;amp;amp;amp;amp;amp;amp;eid=ARB-WwqDYthM8sAmsyTX3BEy0ozF-k7wZt4qTAvz7la_joMe0lJIdsAjV9kmQ_YP6f4LEb4u6qEp4RX5\",\"https:\/\/www.instagram.com\/pfadigeneraldufour\/\",\"https:\/\/www.youtube.com\/channel\/UCwKD56wvOZoiaK6t5NzEBRQ\"]}]}<\/script>\n<!-- \/ Yoast SEO plugin. -->","yoast_head_json":{"title":"Pfadi Lager f\u00fcr Kinder und Jugendliche","description":"Das Highlight der Pfadfinder, Pfingstlager, Sommerlager, Herbstlager. F\u00fcr Kinder und Jugendliche von Rapperswil Jona. Komm mit ins Lager.","robots":{"index":"index","follow":"follow","max-snippet":"max-snippet:-1","max-image-preview":"max-image-preview:large","max-video-preview":"max-video-preview:-1"},"canonical":"https:\/\/general-dufour.ch\/?page_id=82839","og_locale":"de_DE","og_type":"article","og_title":"Pfadi Lager f\u00fcr Kinder und Jugendliche","og_description":"Das Highlight der Pfadfinder, Pfingstlager, Sommerlager, Herbstlager. F\u00fcr Kinder und Jugendliche von Rapperswil Jona. Komm mit ins Lager.","og_url":"https:\/\/general-dufour.ch\/?page_id=82839","og_site_name":"http Pfadi General Dufour RJ","article_publisher":"https:\/\/www.facebook.com\/general.dufour\/?ref=aymt_homepage_panel&amp%3bamp%3bamp%3bamp%3bamp%3bamp%3bamp%3bamp%3bamp%3bamp%3bamp%3bamp%3beid=ARB-WwqDYthM8sAmsyTX3BEy0ozF-k7wZt4qTAvz7la_joMe0lJIdsAjV9kmQ_YP6f4LEb4u6qEp4RX5","article_modified_time":"2024-08-16T17:34:44+00:00","og_image":[{"width":2560,"height":1707,"url":"https:\/\/general-dufour.ch\/wp-content\/uploads\/2020\/01\/DSCF4278-scaled.jpg","type":"image\/jpeg"}],"twitter_card":"summary_large_image","twitter_misc":{"Gesch\u00e4tzte Lesezeit":"2\u00a0Minuten"},"schema":{"@context":"https:\/\/schema.org","@graph":[{"@type":"WebPage","@id":"https:\/\/general-dufour.ch\/?page_id=82839","url":"https:\/\/general-dufour.ch\/?page_id=82839","name":"Pfadi Lager f\u00fcr Kinder und Jugendliche","isPartOf":{"@id":"https:\/\/general-dufour.ch\/#website"},"primaryImageOfPage":{"@id":"https:\/\/general-dufour.ch\/?page_id=82839#primaryimage"},"image":{"@id":"https:\/\/general-dufour.ch\/?page_id=82839#primaryimage"},"thumbnailUrl":"https:\/\/general-dufour.ch\/wp-content\/uploads\/2020\/01\/DSCF4278-scaled.jpg","datePublished":"2020-01-08T11:35:14+00:00","dateModified":"2024-08-16T17:34:44+00:00","description":"Das Highlight der Pfadfinder, Pfingstlager, Sommerlager, Herbstlager. F\u00fcr Kinder und Jugendliche von Rapperswil Jona. Komm mit ins Lager.","breadcrumb":{"@id":"https:\/\/general-dufour.ch\/?page_id=82839#breadcrumb"},"inLanguage":"de","potentialAction":[{"@type":"ReadAction","target":["https:\/\/general-dufour.ch\/?page_id=82839"]}]},{"@type":"ImageObject","inLanguage":"de","@id":"https:\/\/general-dufour.ch\/?page_id=82839#primaryimage","url":"https:\/\/general-dufour.ch\/wp-content\/uploads\/2020\/01\/DSCF4278-scaled.jpg","contentUrl":"https:\/\/general-dufour.ch\/wp-content\/uploads\/2020\/01\/DSCF4278-scaled.jpg","width":2560,"height":1707},{"@type":"BreadcrumbList","@id":"https:\/\/general-dufour.ch\/?page_id=82839#breadcrumb","itemListElement":[{"@type":"ListItem","position":1,"name":"Startseite","item":"https:\/\/general-dufour.ch\/"},{"@type":"ListItem","position":2,"name":"Homepages","item":"https:\/\/general-dufour.ch\/?page_id=43938"},{"@type":"ListItem","position":3,"name":"Anl\u00e4sse &#038; Lager"}]},{"@type":"WebSite","@id":"https:\/\/general-dufour.ch\/#website","url":"https:\/\/general-dufour.ch\/","name":"Pfadi General Dufour RJ","description":"Pfadi Rapperswil Jona","publisher":{"@id":"https:\/\/general-dufour.ch\/#organization"},"potentialAction":[{"@type":"SearchAction","target":{"@type":"EntryPoint","urlTemplate":"https:\/\/general-dufour.ch\/?s={search_term_string}"},"query-input":{"@type":"PropertyValueSpecification","valueRequired":true,"valueName":"search_term_string"}}],"inLanguage":"de"},{"@type":"Organization","@id":"https:\/\/general-dufour.ch\/#organization","name":"Pfadi General Dufour","url":"https:\/\/general-dufour.ch\/","logo":{"@type":"ImageObject","inLanguage":"de","@id":"https:\/\/general-dufour.ch\/#\/schema\/logo\/image\/","url":"https:\/\/general-dufour.ch\/wp-content\/uploads\/2020\/02\/logo_black.png","contentUrl":"https:\/\/general-dufour.ch\/wp-content\/uploads\/2020\/02\/logo_black.png","width":500,"height":502,"caption":"Pfadi General Dufour"},"image":{"@id":"https:\/\/general-dufour.ch\/#\/schema\/logo\/image\/"},"sameAs":["https:\/\/www.facebook.com\/general.dufour\/?ref=aymt_homepage_panel&amp;amp;amp;amp;amp;amp;amp;amp;amp;amp;amp;amp;eid=ARB-WwqDYthM8sAmsyTX3BEy0ozF-k7wZt4qTAvz7la_joMe0lJIdsAjV9kmQ_YP6f4LEb4u6qEp4RX5","https:\/\/www.instagram.com\/pfadigeneraldufour\/","https:\/\/www.youtube.com\/channel\/UCwKD56wvOZoiaK6t5NzEBRQ"]}]}},"_links":{"self":[{"href":"https:\/\/general-dufour.ch\/index.php?rest_route=\/wp\/v2\/pages\/82839","targetHints":{"allow":["GET"]}}],"collection":[{"href":"https:\/\/general-dufour.ch\/index.php?rest_route=\/wp\/v2\/pages"}],"about":[{"href":"https:\/\/general-dufour.ch\/index.php?rest_route=\/wp\/v2\/types\/page"}],"author":[{"embeddable":true,"href":"https:\/\/general-dufour.ch\/index.php?rest_route=\/wp\/v2\/users\/6"}],"replies":[{"embeddable":true,"href":"https:\/\/general-dufour.ch\/index.php?rest_route=%2Fwp%2Fv2%2Fcomments&post=82839"}],"version-history":[{"count":93,"href":"https:\/\/general-dufour.ch\/index.php?rest_route=\/wp\/v2\/pages\/82839\/revisions"}],"predecessor-version":[{"id":84321,"href":"https:\/\/general-dufour.ch\/index.php?rest_route=\/wp\/v2\/pages\/82839\/revisions\/84321"}],"up":[{"embeddable":true,"href":"https:\/\/general-dufour.ch\/index.php?rest_route=\/wp\/v2\/pages\/43938"}],"wp:featuredmedia":[{"embeddable":true,"href":"https:\/\/general-dufour.ch\/index.php?rest_route=\/wp\/v2\/media\/82974"}],"wp:attachment":[{"href":"https:\/\/general-dufour.ch\/index.php?rest_route=%2Fwp%2Fv2%2Fmedia&parent=82839"}],"curies":[{"name":"wp","href":"https:\/\/api.w.org\/{rel}","templated":true}]}}