{"id":84361,"date":"2025-02-28T20:50:37","date_gmt":"2025-02-28T19:50:37","guid":{"rendered":"https:\/\/general-dufour.ch\/?page_id=84361"},"modified":"2025-08-14T15:23:48","modified_gmt":"2025-08-14T14:23:48","slug":"altpfadfinderverein","status":"publish","type":"page","link":"https:\/\/general-dufour.ch\/?page_id=84361","title":{"rendered":"Altpfadfinderverein"},"content":{"rendered":"<div class=\"wpb-content-wrapper\"><p>[vc_row row_height_percent=&#8220;0&#8243; override_padding=&#8220;yes&#8220; h_padding=&#8220;7&#8243; top_padding=&#8220;3&#8243; bottom_padding=&#8220;0&#8243; overlay_alpha=&#8220;0&#8243; gutter_size=&#8220;2&#8243; column_width_percent=&#8220;100&#8243; shift_y=&#8220;0&#8243; z_index=&#8220;0&#8243; style=&#8220;inherited&#8220;][vc_column column_width_percent=&#8220;100&#8243; position_horizontal=&#8220;left&#8220; gutter_size=&#8220;4&#8243; overlay_alpha=&#8220;100&#8243; shift_x=&#8220;0&#8243; shift_y=&#8220;0&#8243; shift_y_down=&#8220;0&#8243; z_index=&#8220;0&#8243; medium_width=&#8220;0&#8243; mobile_width=&#8220;0&#8243; zoom_width=&#8220;0&#8243; zoom_height=&#8220;0&#8243; width=&#8220;1\/1&#8243;][vc_column_text uncode_shortcode_id=&#8220;150319&#8243;]<\/p>\n<h2 style=\"text-align: center;\"><\/h2>\n<p><strong>Im Altpfadfinderverein (kurz APV) sind ehemalige Pfadfinderinnen und Pfadfinder aus Rapperswil-Jona zusammengeschlossen. Die Mitglieder haben die M\u00f6glichkeit, an mehreren Anl\u00e4ssen pro Jahr teilzunehmen, bei denen das kameradschaftliche Beisammensein im Vordergrund steht. An diesen Treffen werden gerne Erinnerungen an die Pfadizeit aufgefrischt und es findet ein Austausch unter Gleichgesinnten statt.<\/strong><\/p>\n<p>Ein zus\u00e4tzlicher Zweck des Vereins ist die Unterst\u00fctzung und F\u00f6rderung der Aktivit\u00e4ten der Pfadiabteilung General Dufour in Rapperswil-Jona. Gr\u00f6ssere Anschaffungen der Abteilung werden finanziell unterst\u00fctzt. Zudem \u00fcbernimmt der APV die Kosten f\u00fcr Mitglieder- und Lagerbeitr\u00e4ge von Kindern aus finanziell benachteiligten Familien. Diese Unterst\u00fctzung kann jederzeit bei der Abteilungsleitung beantragt werden.<\/p>\n<p><strong>Haben wir dein Interesse geweckt? M\u00f6chtest du auch Mitglied im APV werden?<\/strong><br \/>\n<strong>Dann melde dich bei unserer Pr\u00e4sidentin Linda Zolliker auf diese Mail-Adresse:<\/strong><br \/>\n<a href=\"mailto:apv@general-dufour.ch\"><strong>apv@general-dufour.ch<\/strong><\/a><\/p>\n<p>Interessierst du dich auch f\u00fcr das schweizweite Netzwerk ehemaliger Pfadis? Dann schau dir mal das Angebot der\u00a0<a href=\"https:\/\/pfadi.swiss\/de\/pfadiprofil\/silver-scouts\/\">Silver Scouts<\/a>\u00a0an.<\/p>\n<p>[\/vc_column_text][\/vc_column][\/vc_row][vc_row row_height_percent=&#8220;0&#8243; override_padding=&#8220;yes&#8220; h_padding=&#8220;7&#8243; top_padding=&#8220;3&#8243; bottom_padding=&#8220;0&#8243; overlay_alpha=&#8220;0&#8243; gutter_size=&#8220;2&#8243; column_width_percent=&#8220;100&#8243; shift_y=&#8220;0&#8243; z_index=&#8220;0&#8243; style=&#8220;inherited&#8220;][vc_column column_width_percent=&#8220;100&#8243; position_horizontal=&#8220;left&#8220; align_horizontal=&#8220;align_center&#8220; gutter_size=&#8220;4&#8243; overlay_alpha=&#8220;100&#8243; shift_x=&#8220;0&#8243; shift_y=&#8220;0&#8243; shift_y_down=&#8220;0&#8243; z_index=&#8220;0&#8243; medium_width=&#8220;0&#8243; mobile_width=&#8220;0&#8243; zoom_width=&#8220;0&#8243; zoom_height=&#8220;0&#8243; width=&#8220;1\/1&#8243;][\/vc_column][\/vc_row][vc_row row_height_percent=&#8220;0&#8243; override_padding=&#8220;yes&#8220; h_padding=&#8220;2&#8243; top_padding=&#8220;2&#8243; bottom_padding=&#8220;0&#8243; back_color=&#8220;color-143410&#8243; overlay_alpha=&#8220;85&#8243; gutter_size=&#8220;0&#8243; column_width_percent=&#8220;100&#8243; shift_y=&#8220;0&#8243; z_index=&#8220;0&#8243; style=&#8220;inherited&#8220;][vc_column column_width_percent=&#8220;100&#8243; position_vertical=&#8220;middle&#8220; align_horizontal=&#8220;align_center&#8220; gutter_size=&#8220;3&#8243; overlay_alpha=&#8220;50&#8243; shift_x=&#8220;0&#8243; shift_y=&#8220;0&#8243; medium_width=&#8220;0&#8243; zoom_width=&#8220;0&#8243; zoom_height=&#8220;0&#8243; width=&#8220;1\/3&#8243;][\/vc_column][vc_column column_width_percent=&#8220;100&#8243; position_vertical=&#8220;middle&#8220; align_horizontal=&#8220;align_center&#8220; gutter_size=&#8220;3&#8243; overlay_alpha=&#8220;50&#8243; shift_x=&#8220;0&#8243; shift_y=&#8220;0&#8243; medium_width=&#8220;0&#8243; zoom_width=&#8220;0&#8243; zoom_height=&#8220;0&#8243; width=&#8220;1\/3&#8243;][\/vc_column][vc_column column_width_percent=&#8220;100&#8243; position_vertical=&#8220;middle&#8220; align_horizontal=&#8220;align_center&#8220; gutter_size=&#8220;3&#8243; overlay_alpha=&#8220;50&#8243; shift_x=&#8220;0&#8243; shift_y=&#8220;0&#8243; medium_width=&#8220;0&#8243; zoom_width=&#8220;0&#8243; zoom_height=&#8220;0&#8243; width=&#8220;1\/3&#8243;][\/vc_column][\/vc_row]<\/p>\n<\/div>","protected":false},"excerpt":{"rendered":"<p>[vc_row row_height_percent=&#8220;0&#8243; override_padding=&#8220;yes&#8220; h_padding=&#8220;7&#8243; top_padding=&#8220;3&#8243; bottom_padding=&#8220;0&#8243; overlay_alpha=&#8220;0&#8243; gutter_size=&#8220;2&#8243; column_width_percent=&#8220;100&#8243; shift_y=&#8220;0&#8243; z_index=&#8220;0&#8243; style=&#8220;inherited&#8220;][vc_column column_width_percent=&#8220;100&#8243; position_horizontal=&#8220;left&#8220; gutter_size=&#8220;4&#8243; overlay_alpha=&#8220;100&#8243; shift_x=&#8220;0&#8243; shift_y=&#8220;0&#8243; shift_y_down=&#8220;0&#8243; z_index=&#8220;0&#8243; [&hellip;]<\/p>\n","protected":false},"author":6,"featured_media":84364,"parent":43938,"menu_order":0,"comment_status":"closed","ping_status":"closed","template":"","meta":{"footnotes":""},"class_list":["post-84361","page","type-page","status-publish","has-post-thumbnail","hentry","page_category-classic"],"yoast_head":"<!-- This site is optimized with the Yoast SEO plugin v26.3 - https:\/\/yoast.com\/wordpress\/plugins\/seo\/ -->\n<title>Altpfadfinderverein | http Pfadi General Dufour RJ<\/title>\n<meta name=\"description\" content=\"Du brauchst f\u00fcr dein Lager Spatzzelte, sonstige Zelte oder Lager Material von A-Z. Wir vermieten es. Melde dich um Material zu mieten.\" \/>\n<meta name=\"robots\" content=\"index, follow, max-snippet:-1, max-image-preview:large, max-video-preview:-1\" \/>\n<link rel=\"canonical\" href=\"https:\/\/general-dufour.ch\/?page_id=84361\" \/>\n<meta property=\"og:locale\" content=\"de_DE\" \/>\n<meta property=\"og:type\" content=\"article\" \/>\n<meta property=\"og:title\" content=\"Altpfadfinderverein | http Pfadi General Dufour RJ\" \/>\n<meta property=\"og:description\" content=\"Du brauchst f\u00fcr dein Lager Spatzzelte, sonstige Zelte oder Lager Material von A-Z. Wir vermieten es. Melde dich um Material zu mieten.\" \/>\n<meta property=\"og:url\" content=\"https:\/\/general-dufour.ch\/?page_id=84361\" \/>\n<meta property=\"og:site_name\" content=\"http Pfadi General Dufour RJ\" \/>\n<meta property=\"article:publisher\" content=\"https:\/\/www.facebook.com\/general.dufour\/?ref=aymt_homepage_panel&amp;amp%3bamp%3bamp%3bamp%3bamp%3bamp%3bamp%3bamp%3bamp%3bamp%3bamp%3bamp%3beid=ARB-WwqDYthM8sAmsyTX3BEy0ozF-k7wZt4qTAvz7la_joMe0lJIdsAjV9kmQ_YP6f4LEb4u6qEp4RX5\" \/>\n<meta property=\"article:modified_time\" content=\"2025-08-14T14:23:48+00:00\" \/>\n<meta property=\"og:image\" content=\"https:\/\/general-dufour.ch\/wp-content\/uploads\/2025\/02\/Forest.jpg\" \/>\n\t<meta property=\"og:image:width\" content=\"1920\" \/>\n\t<meta property=\"og:image:height\" content=\"621\" \/>\n\t<meta property=\"og:image:type\" content=\"image\/jpeg\" \/>\n<meta name=\"twitter:card\" content=\"summary_large_image\" \/>\n<meta name=\"twitter:label1\" content=\"Gesch\u00e4tzte Lesezeit\" \/>\n\t<meta name=\"twitter:data1\" content=\"2\u00a0Minuten\" \/>\n<script type=\"application\/ld+json\" class=\"yoast-schema-graph\">{\"@context\":\"https:\/\/schema.org\",\"@graph\":[{\"@type\":\"WebPage\",\"@id\":\"https:\/\/general-dufour.ch\/?page_id=84361\",\"url\":\"https:\/\/general-dufour.ch\/?page_id=84361\",\"name\":\"Altpfadfinderverein | http Pfadi General Dufour RJ\",\"isPartOf\":{\"@id\":\"https:\/\/general-dufour.ch\/#website\"},\"primaryImageOfPage\":{\"@id\":\"https:\/\/general-dufour.ch\/?page_id=84361#primaryimage\"},\"image\":{\"@id\":\"https:\/\/general-dufour.ch\/?page_id=84361#primaryimage\"},\"thumbnailUrl\":\"https:\/\/general-dufour.ch\/wp-content\/uploads\/2025\/02\/Forest.jpg\",\"datePublished\":\"2025-02-28T19:50:37+00:00\",\"dateModified\":\"2025-08-14T14:23:48+00:00\",\"description\":\"Du brauchst f\u00fcr dein Lager Spatzzelte, sonstige Zelte oder Lager Material von A-Z. Wir vermieten es. Melde dich um Material zu mieten.\",\"breadcrumb\":{\"@id\":\"https:\/\/general-dufour.ch\/?page_id=84361#breadcrumb\"},\"inLanguage\":\"de\",\"potentialAction\":[{\"@type\":\"ReadAction\",\"target\":[\"https:\/\/general-dufour.ch\/?page_id=84361\"]}]},{\"@type\":\"ImageObject\",\"inLanguage\":\"de\",\"@id\":\"https:\/\/general-dufour.ch\/?page_id=84361#primaryimage\",\"url\":\"https:\/\/general-dufour.ch\/wp-content\/uploads\/2025\/02\/Forest.jpg\",\"contentUrl\":\"https:\/\/general-dufour.ch\/wp-content\/uploads\/2025\/02\/Forest.jpg\",\"width\":1920,\"height\":621},{\"@type\":\"BreadcrumbList\",\"@id\":\"https:\/\/general-dufour.ch\/?page_id=84361#breadcrumb\",\"itemListElement\":[{\"@type\":\"ListItem\",\"position\":1,\"name\":\"Startseite\",\"item\":\"https:\/\/general-dufour.ch\/\"},{\"@type\":\"ListItem\",\"position\":2,\"name\":\"Homepages\",\"item\":\"https:\/\/general-dufour.ch\/?page_id=43938\"},{\"@type\":\"ListItem\",\"position\":3,\"name\":\"Altpfadfinderverein\"}]},{\"@type\":\"WebSite\",\"@id\":\"https:\/\/general-dufour.ch\/#website\",\"url\":\"https:\/\/general-dufour.ch\/\",\"name\":\"Pfadi General Dufour RJ\",\"description\":\"Pfadi Rapperswil Jona\",\"publisher\":{\"@id\":\"https:\/\/general-dufour.ch\/#organization\"},\"potentialAction\":[{\"@type\":\"SearchAction\",\"target\":{\"@type\":\"EntryPoint\",\"urlTemplate\":\"https:\/\/general-dufour.ch\/?s={search_term_string}\"},\"query-input\":{\"@type\":\"PropertyValueSpecification\",\"valueRequired\":true,\"valueName\":\"search_term_string\"}}],\"inLanguage\":\"de\"},{\"@type\":\"Organization\",\"@id\":\"https:\/\/general-dufour.ch\/#organization\",\"name\":\"Pfadi General Dufour\",\"url\":\"https:\/\/general-dufour.ch\/\",\"logo\":{\"@type\":\"ImageObject\",\"inLanguage\":\"de\",\"@id\":\"https:\/\/general-dufour.ch\/#\/schema\/logo\/image\/\",\"url\":\"https:\/\/general-dufour.ch\/wp-content\/uploads\/2020\/02\/logo_black.png\",\"contentUrl\":\"https:\/\/general-dufour.ch\/wp-content\/uploads\/2020\/02\/logo_black.png\",\"width\":500,\"height\":502,\"caption\":\"Pfadi General Dufour\"},\"image\":{\"@id\":\"https:\/\/general-dufour.ch\/#\/schema\/logo\/image\/\"},\"sameAs\":[\"https:\/\/www.facebook.com\/general.dufour\/?ref=aymt_homepage_panel&amp;amp;amp;amp;amp;amp;amp;amp;amp;amp;amp;amp;eid=ARB-WwqDYthM8sAmsyTX3BEy0ozF-k7wZt4qTAvz7la_joMe0lJIdsAjV9kmQ_YP6f4LEb4u6qEp4RX5\",\"https:\/\/www.instagram.com\/pfadigeneraldufour\/\",\"https:\/\/www.youtube.com\/channel\/UCwKD56wvOZoiaK6t5NzEBRQ\"]}]}<\/script>\n<!-- \/ Yoast SEO plugin. -->","yoast_head_json":{"title":"Altpfadfinderverein | http Pfadi General Dufour RJ","description":"Du brauchst f\u00fcr dein Lager Spatzzelte, sonstige Zelte oder Lager Material von A-Z. Wir vermieten es. Melde dich um Material zu mieten.","robots":{"index":"index","follow":"follow","max-snippet":"max-snippet:-1","max-image-preview":"max-image-preview:large","max-video-preview":"max-video-preview:-1"},"canonical":"https:\/\/general-dufour.ch\/?page_id=84361","og_locale":"de_DE","og_type":"article","og_title":"Altpfadfinderverein | http Pfadi General Dufour RJ","og_description":"Du brauchst f\u00fcr dein Lager Spatzzelte, sonstige Zelte oder Lager Material von A-Z. Wir vermieten es. Melde dich um Material zu mieten.","og_url":"https:\/\/general-dufour.ch\/?page_id=84361","og_site_name":"http Pfadi General Dufour RJ","article_publisher":"https:\/\/www.facebook.com\/general.dufour\/?ref=aymt_homepage_panel&amp%3bamp%3bamp%3bamp%3bamp%3bamp%3bamp%3bamp%3bamp%3bamp%3bamp%3bamp%3beid=ARB-WwqDYthM8sAmsyTX3BEy0ozF-k7wZt4qTAvz7la_joMe0lJIdsAjV9kmQ_YP6f4LEb4u6qEp4RX5","article_modified_time":"2025-08-14T14:23:48+00:00","og_image":[{"width":1920,"height":621,"url":"https:\/\/general-dufour.ch\/wp-content\/uploads\/2025\/02\/Forest.jpg","type":"image\/jpeg"}],"twitter_card":"summary_large_image","twitter_misc":{"Gesch\u00e4tzte Lesezeit":"2\u00a0Minuten"},"schema":{"@context":"https:\/\/schema.org","@graph":[{"@type":"WebPage","@id":"https:\/\/general-dufour.ch\/?page_id=84361","url":"https:\/\/general-dufour.ch\/?page_id=84361","name":"Altpfadfinderverein | http Pfadi General Dufour RJ","isPartOf":{"@id":"https:\/\/general-dufour.ch\/#website"},"primaryImageOfPage":{"@id":"https:\/\/general-dufour.ch\/?page_id=84361#primaryimage"},"image":{"@id":"https:\/\/general-dufour.ch\/?page_id=84361#primaryimage"},"thumbnailUrl":"https:\/\/general-dufour.ch\/wp-content\/uploads\/2025\/02\/Forest.jpg","datePublished":"2025-02-28T19:50:37+00:00","dateModified":"2025-08-14T14:23:48+00:00","description":"Du brauchst f\u00fcr dein Lager Spatzzelte, sonstige Zelte oder Lager Material von A-Z. Wir vermieten es. Melde dich um Material zu mieten.","breadcrumb":{"@id":"https:\/\/general-dufour.ch\/?page_id=84361#breadcrumb"},"inLanguage":"de","potentialAction":[{"@type":"ReadAction","target":["https:\/\/general-dufour.ch\/?page_id=84361"]}]},{"@type":"ImageObject","inLanguage":"de","@id":"https:\/\/general-dufour.ch\/?page_id=84361#primaryimage","url":"https:\/\/general-dufour.ch\/wp-content\/uploads\/2025\/02\/Forest.jpg","contentUrl":"https:\/\/general-dufour.ch\/wp-content\/uploads\/2025\/02\/Forest.jpg","width":1920,"height":621},{"@type":"BreadcrumbList","@id":"https:\/\/general-dufour.ch\/?page_id=84361#breadcrumb","itemListElement":[{"@type":"ListItem","position":1,"name":"Startseite","item":"https:\/\/general-dufour.ch\/"},{"@type":"ListItem","position":2,"name":"Homepages","item":"https:\/\/general-dufour.ch\/?page_id=43938"},{"@type":"ListItem","position":3,"name":"Altpfadfinderverein"}]},{"@type":"WebSite","@id":"https:\/\/general-dufour.ch\/#website","url":"https:\/\/general-dufour.ch\/","name":"Pfadi General Dufour RJ","description":"Pfadi Rapperswil Jona","publisher":{"@id":"https:\/\/general-dufour.ch\/#organization"},"potentialAction":[{"@type":"SearchAction","target":{"@type":"EntryPoint","urlTemplate":"https:\/\/general-dufour.ch\/?s={search_term_string}"},"query-input":{"@type":"PropertyValueSpecification","valueRequired":true,"valueName":"search_term_string"}}],"inLanguage":"de"},{"@type":"Organization","@id":"https:\/\/general-dufour.ch\/#organization","name":"Pfadi General Dufour","url":"https:\/\/general-dufour.ch\/","logo":{"@type":"ImageObject","inLanguage":"de","@id":"https:\/\/general-dufour.ch\/#\/schema\/logo\/image\/","url":"https:\/\/general-dufour.ch\/wp-content\/uploads\/2020\/02\/logo_black.png","contentUrl":"https:\/\/general-dufour.ch\/wp-content\/uploads\/2020\/02\/logo_black.png","width":500,"height":502,"caption":"Pfadi General Dufour"},"image":{"@id":"https:\/\/general-dufour.ch\/#\/schema\/logo\/image\/"},"sameAs":["https:\/\/www.facebook.com\/general.dufour\/?ref=aymt_homepage_panel&amp;amp;amp;amp;amp;amp;amp;amp;amp;amp;amp;amp;eid=ARB-WwqDYthM8sAmsyTX3BEy0ozF-k7wZt4qTAvz7la_joMe0lJIdsAjV9kmQ_YP6f4LEb4u6qEp4RX5","https:\/\/www.instagram.com\/pfadigeneraldufour\/","https:\/\/www.youtube.com\/channel\/UCwKD56wvOZoiaK6t5NzEBRQ"]}]}},"_links":{"self":[{"href":"https:\/\/general-dufour.ch\/index.php?rest_route=\/wp\/v2\/pages\/84361","targetHints":{"allow":["GET"]}}],"collection":[{"href":"https:\/\/general-dufour.ch\/index.php?rest_route=\/wp\/v2\/pages"}],"about":[{"href":"https:\/\/general-dufour.ch\/index.php?rest_route=\/wp\/v2\/types\/page"}],"author":[{"embeddable":true,"href":"https:\/\/general-dufour.ch\/index.php?rest_route=\/wp\/v2\/users\/6"}],"replies":[{"embeddable":true,"href":"https:\/\/general-dufour.ch\/index.php?rest_route=%2Fwp%2Fv2%2Fcomments&post=84361"}],"version-history":[{"count":6,"href":"https:\/\/general-dufour.ch\/index.php?rest_route=\/wp\/v2\/pages\/84361\/revisions"}],"predecessor-version":[{"id":84411,"href":"https:\/\/general-dufour.ch\/index.php?rest_route=\/wp\/v2\/pages\/84361\/revisions\/84411"}],"up":[{"embeddable":true,"href":"https:\/\/general-dufour.ch\/index.php?rest_route=\/wp\/v2\/pages\/43938"}],"wp:featuredmedia":[{"embeddable":true,"href":"https:\/\/general-dufour.ch\/index.php?rest_route=\/wp\/v2\/media\/84364"}],"wp:attachment":[{"href":"https:\/\/general-dufour.ch\/index.php?rest_route=%2Fwp%2Fv2%2Fmedia&parent=84361"}],"curies":[{"name":"wp","href":"https:\/\/api.w.org\/{rel}","templated":true}]}}